{"id":189,"date":"2022-12-11T14:00:27","date_gmt":"2022-12-11T14:00:27","guid":{"rendered":"https:\/\/kjellerskyteklubb.no\/wordpress\/?page_id=189"},"modified":"2022-12-11T14:00:27","modified_gmt":"2022-12-11T14:00:27","slug":"hvordan-finne-frem-til-utebanen-i-nittedal","status":"publish","type":"page","link":"https:\/\/kjellerskyteklubb.no\/wordpress\/index.php\/hvordan-finne-frem-til-utebanen-i-nittedal\/","title":{"rendered":"Hvordan finne frem til utebanen i Nittedal"},"content":{"rendered":"\n<p>For \u00e5 finne banen, kj\u00f8rer man riksvei 4 gjennom Nittedal. Noen kilometer etter avkj\u00f8ringen til Hakadal, kommer man til en motorsportsbane. Skytebanen ligger ved siden av denne, og er skiltet fra hovedveien.<\/p>\n\n\n\n<figure class=\"wp-block-image size-large\"><img loading=\"lazy\" decoding=\"async\" width=\"1024\" height=\"736\" src=\"https:\/\/kjellerskyteklubb.no\/wordpress\/wp-content\/uploads\/2022\/12\/kart-1024x736.jpg\" alt=\"\" class=\"wp-image-190\" srcset=\"https:\/\/kjellerskyteklubb.no\/wordpress\/wp-content\/uploads\/2022\/12\/kart-1024x736.jpg 1024w, https:\/\/kjellerskyteklubb.no\/wordpress\/wp-content\/uploads\/2022\/12\/kart-300x216.jpg 300w, https:\/\/kjellerskyteklubb.no\/wordpress\/wp-content\/uploads\/2022\/12\/kart-768x552.jpg 768w, https:\/\/kjellerskyteklubb.no\/wordpress\/wp-content\/uploads\/2022\/12\/kart.jpg 1270w\" sizes=\"auto, (max-width: 1024px) 100vw, 1024px\" \/><\/figure>\n\n\n\n<figure class=\"wp-block-image size-large\"><img loading=\"lazy\" decoding=\"async\" width=\"1024\" height=\"618\" src=\"https:\/\/kjellerskyteklubb.no\/wordpress\/wp-content\/uploads\/2022\/12\/kart2-1024x618.png\" alt=\"\" class=\"wp-image-191\" srcset=\"https:\/\/kjellerskyteklubb.no\/wordpress\/wp-content\/uploads\/2022\/12\/kart2-1024x618.png 1024w, https:\/\/kjellerskyteklubb.no\/wordpress\/wp-content\/uploads\/2022\/12\/kart2-300x181.png 300w, https:\/\/kjellerskyteklubb.no\/wordpress\/wp-content\/uploads\/2022\/12\/kart2-768x464.png 768w, https:\/\/kjellerskyteklubb.no\/wordpress\/wp-content\/uploads\/2022\/12\/kart2.png 1428w\" sizes=\"auto, (max-width: 1024px) 100vw, 1024px\" \/><\/figure>\n","protected":false},"excerpt":{"rendered":"<p>For \u00e5 finne banen, kj\u00f8rer man riksvei 4 gjennom Nittedal. Noen kilometer etter avkj\u00f8ringen til Hakadal, kommer man til en motorsportsbane. Skytebanen ligger ved siden&hellip;<\/p>\n","protected":false},"author":1,"featured_media":0,"parent":0,"menu_order":0,"comment_status":"closed","ping_status":"closed","template":"","meta":{"footnotes":""},"class_list":["post-189","page","type-page","status-publish","hentry"],"_links":{"self":[{"href":"https:\/\/kjellerskyteklubb.no\/wordpress\/index.php\/wp-json\/wp\/v2\/pages\/189","targetHints":{"allow":["GET"]}}],"collection":[{"href":"https:\/\/kjellerskyteklubb.no\/wordpress\/index.php\/wp-json\/wp\/v2\/pages"}],"about":[{"href":"https:\/\/kjellerskyteklubb.no\/wordpress\/index.php\/wp-json\/wp\/v2\/types\/page"}],"author":[{"embeddable":true,"href":"https:\/\/kjellerskyteklubb.no\/wordpress\/index.php\/wp-json\/wp\/v2\/users\/1"}],"replies":[{"embeddable":true,"href":"https:\/\/kjellerskyteklubb.no\/wordpress\/index.php\/wp-json\/wp\/v2\/comments?post=189"}],"version-history":[{"count":1,"href":"https:\/\/kjellerskyteklubb.no\/wordpress\/index.php\/wp-json\/wp\/v2\/pages\/189\/revisions"}],"predecessor-version":[{"id":192,"href":"https:\/\/kjellerskyteklubb.no\/wordpress\/index.php\/wp-json\/wp\/v2\/pages\/189\/revisions\/192"}],"wp:attachment":[{"href":"https:\/\/kjellerskyteklubb.no\/wordpress\/index.php\/wp-json\/wp\/v2\/media?parent=189"}],"curies":[{"name":"wp","href":"https:\/\/api.w.org\/{rel}","templated":true}]}}