{"id":53,"date":"2022-12-10T16:42:45","date_gmt":"2022-12-10T16:42:45","guid":{"rendered":"https:\/\/kjellerskyteklubb.no\/wordpress\/?page_id=53"},"modified":"2025-03-08T09:04:35","modified_gmt":"2025-03-08T09:04:35","slug":"medlemsinfo","status":"publish","type":"page","link":"https:\/\/kjellerskyteklubb.no\/wordpress\/index.php\/medlemsinfo\/","title":{"rendered":"Medlemsinfo"},"content":{"rendered":"\n<p><strong>Treningstider.<\/strong><br>Ordin\u00e6r treningstid er mellom klokken 18 og 20.<br>Oppsatte skyteledere skal styre skytingen i dette tidsrommet.<br>Skyting utenom ordin\u00e6r treningstid kan skje dersom en skyteleder med n\u00f8kkel<br>til banen er til stede.<\/p>\n\n\n\n<p><strong>Skedsmohallen<\/strong><\/p>\n\n\n\n<p>Denne skytebanen inneholder 15 elektroniske skiver for luftpistol og 10 elektroniske skiver for .22 finpistol.<\/p>\n\n\n\n<p>Denne banen er dessverre ikke godkjent for st\u00f8rre kaliber enn .22 finpistol.<\/p>\n\n\n\n<ul class=\"wp-block-list\">\n<li><a href=\"https:\/\/kjellerskyteklubb.no\/wordpress\/index.php\/parkering-skedsmohallen\/\" data-type=\"page\" data-id=\"179\">Parkering ved Skedsmohallen.<\/a><\/li>\n<\/ul>\n\n\n\n<p><strong>Utebane Nittedal (Varpet)<\/strong><\/p>\n\n\n\n<p>Denne skytebanen best\u00e5r av ca ti standplasser og er godkjent for alle typer pistolkalibre.<\/p>\n\n\n\n<ul class=\"wp-block-list\">\n<li><a href=\"https:\/\/kjellerskyteklubb.no\/wordpress\/index.php\/hvordan-finne-frem-til-utebanen-i-nittedal\/\" data-type=\"page\" data-id=\"189\">Hvordan finne frem til utebanen i Nittedal.<\/a><\/li>\n<\/ul>\n\n\n\n<p><strong>Startkort og Klassef\u00f8ring<\/strong><\/p>\n\n\n\n<p>Det er mange sp\u00f8rsm\u00e5l knyttet til Startkort og klassef\u00f8ring, se egen informasjon:<\/p>\n\n\n\n<ul class=\"wp-block-list\">\n<li><a href=\"https:\/\/kjellerskyteklubb.no\/wordpress\/index.php\/startkort-og-klasseforing\/\" data-type=\"page\" data-id=\"184\">Informasjon om Startkort og klassef\u00f8ring<\/a>.<\/li>\n<\/ul>\n\n\n\n<p><strong>Klubbmesterskap<\/strong><\/p>\n\n\n\n<ul class=\"wp-block-list\">\n<li><a href=\"https:\/\/kjellerskyteklubb.no\/wordpress\/index.php\/info-til-skyttere-og-skyteledere-vedrorende-domming-og-foring-avresultater-ved-klubbmesterskap\/\">Info til skyttere og skyteledere vedr\u00f8rende d\u00f8mming og resultatf\u00f8ring ved klubbmesterskap.<\/a><\/li>\n<\/ul>\n\n\n\n<p><strong>\u00c5rsm\u00f8te<\/strong><\/p>\n\n\n\n<div class=\"wp-block-file\"><a id=\"wp-block-file--media-820d8ce3-90fc-48c7-9f73-7816c34c4628\" href=\"https:\/\/kjellerskyteklubb.no\/wordpress\/wp-content\/uploads\/2025\/01\/Aarsmoteinnkalling_2025.docx\">Aarsmoteinnkalling_2025<\/a><a href=\"https:\/\/kjellerskyteklubb.no\/wordpress\/wp-content\/uploads\/2025\/01\/Aarsmoteinnkalling_2025.docx\" class=\"wp-block-file__button wp-element-button\" download aria-describedby=\"wp-block-file--media-820d8ce3-90fc-48c7-9f73-7816c34c4628\">Last ned<\/a><\/div>\n\n\n\n<div class=\"wp-block-file\"><a id=\"wp-block-file--media-c23a1342-6151-41bf-bab9-57f76ccd34dd\" href=\"https:\/\/kjellerskyteklubb.no\/wordpress\/wp-content\/uploads\/2025\/03\/Arsmotereferat-2025.pdf\">\u00c5rsm\u00f8tereferat 2025<\/a><a href=\"https:\/\/kjellerskyteklubb.no\/wordpress\/wp-content\/uploads\/2025\/03\/Arsmotereferat-2025.pdf\" class=\"wp-block-file__button wp-element-button\" download aria-describedby=\"wp-block-file--media-c23a1342-6151-41bf-bab9-57f76ccd34dd\">Last ned<\/a><\/div>\n\n\n\n<p><strong>Klubbens vedtekter:<\/strong><\/p>\n\n\n\n<div class=\"wp-block-file\"><a id=\"wp-block-file--media-fced4258-2699-4186-9311-fe13d772af98\" href=\"https:\/\/kjellerskyteklubb.no\/wordpress\/wp-content\/uploads\/2023\/03\/Vedtekter-KSK.doc\">Vedtekter-KSK<\/a><a href=\"https:\/\/kjellerskyteklubb.no\/wordpress\/wp-content\/uploads\/2023\/03\/Vedtekter-KSK.doc\" class=\"wp-block-file__button wp-element-button\" download aria-describedby=\"wp-block-file--media-fced4258-2699-4186-9311-fe13d772af98\">Last ned<\/a><\/div>\n","protected":false},"excerpt":{"rendered":"<p>Treningstider.Ordin\u00e6r treningstid er mellom klokken 18 og 20.Oppsatte skyteledere skal styre skytingen i dette tidsrommet.Skyting utenom ordin\u00e6r treningstid kan skje dersom en skyteleder med n\u00f8kkeltil&hellip;<\/p>\n","protected":false},"author":1,"featured_media":0,"parent":0,"menu_order":0,"comment_status":"closed","ping_status":"closed","template":"","meta":{"footnotes":""},"class_list":["post-53","page","type-page","status-publish","hentry"],"_links":{"self":[{"href":"https:\/\/kjellerskyteklubb.no\/wordpress\/index.php\/wp-json\/wp\/v2\/pages\/53","targetHints":{"allow":["GET"]}}],"collection":[{"href":"https:\/\/kjellerskyteklubb.no\/wordpress\/index.php\/wp-json\/wp\/v2\/pages"}],"about":[{"href":"https:\/\/kjellerskyteklubb.no\/wordpress\/index.php\/wp-json\/wp\/v2\/types\/page"}],"author":[{"embeddable":true,"href":"https:\/\/kjellerskyteklubb.no\/wordpress\/index.php\/wp-json\/wp\/v2\/users\/1"}],"replies":[{"embeddable":true,"href":"https:\/\/kjellerskyteklubb.no\/wordpress\/index.php\/wp-json\/wp\/v2\/comments?post=53"}],"version-history":[{"count":15,"href":"https:\/\/kjellerskyteklubb.no\/wordpress\/index.php\/wp-json\/wp\/v2\/pages\/53\/revisions"}],"predecessor-version":[{"id":477,"href":"https:\/\/kjellerskyteklubb.no\/wordpress\/index.php\/wp-json\/wp\/v2\/pages\/53\/revisions\/477"}],"wp:attachment":[{"href":"https:\/\/kjellerskyteklubb.no\/wordpress\/index.php\/wp-json\/wp\/v2\/media?parent=53"}],"curies":[{"name":"wp","href":"https:\/\/api.w.org\/{rel}","templated":true}]}}